3826.
146
What is the greatest common divisor of 608 and 11253776?
304
Calculate the highest common divisor of 526 and 468861409.
263
Calculate the greatest common divisor of 217 and 71461820.
31
What is the greatest common divisor of 2036200606 and 841?
841
Calculate the highest common factor of 58052176 and 1183.
1183
What is the highest common factor of 42451672 and 632?
8
Calculate the highest common divisor of 1524 and 1669563336.
1524
What is the highest common factor of 54936521 and 2217?
739
What is the highest common factor of 63038 and 119884?
86
What is the greatest common divisor of 25087635 and 2370?
1185
Calculate the greatest common divisor of 4349794 and 129.
43
What is the greatest common divisor of 398721 and 1827?
87
Calculate the greatest common factor of 9790 and 870210.
110
Calculate the highest common factor of 5158325 and 79925.
575
Calculate the highest common factor of 13337995 and 5.
5
Calculate the greatest common divisor of 2455 and 105615.
5
What is the highest common factor of 42 and 103394466?
42
Calculate the greatest common divisor of 155447247 and 692.
173
Calculate the highest common factor of 99219282 and 124.
62
What is the highest common factor of 99 and 524212623?
99
What is the greatest common factor of 2004504 and 3264?
408
What is the highest common divisor of 240747838 and 509?
509
What is the highest common factor of 112 and 373230256?
112
Calculate the greatest common divisor of 3240 and 17604540.
1620
What is the greatest common divisor of 26 and 22023222?
26
Calculate the highest common divisor of 320 and 10923755.
5
What is the greatest common factor of 24180 and 61473?
93
What is the highest common factor of 1279030 and 9?
1
What is the greatest common factor of 1385133232 and 503?
503
What is the highest common factor of 1784 and 2816713?
223
What is the greatest common divisor of 5264611551 and 27?
27
What is the highest common divisor of 40 and 18643900?
20
What is the greatest common factor of 104 and 26440349?
13
Calculate the highest common divisor of 2 and 577862.
2
Calculate the greatest common factor of 88054388 and 205.
41
Calculate the greatest common factor of 507380 and 105340.
460
What is the greatest common divisor of 336 and 2874039?
21
Calculate the greatest common factor of 391 and 62173165.
17
What is the highest common divisor of 1378140 and 396756?
1236
Calculate the highest common factor of 47068802 and 913.
913
Calculate the greatest common divisor of 1685 and 9018794.
337
Calculate the highest common divisor of 2675505 and 57102.
921
What is the greatest common factor of 23110736 and 176?
176
Calculate the highest common divisor of 2865 and 15182590.
955
Calculate the greatest common factor of 1070 and 106050.
10
Calculate the greatest common factor of 1260 and 142511670.
630
What is the highest common divisor of 219 and 52373631?
219
Calculate the greatest common factor of 15851149 and 2311.
2311
What is the greatest common factor of 30646768 and 16?
16
What is the highest common factor of 216 and 10938834?
54
Calculate the greatest common divisor of 342 and 275371788.
114
Calculate the greatest common factor of 12765771 and 667.
29
What is the greatest common divisor of 152 and 22150162?
38
Calculate the highest common divisor of 2310650 and 179450.
1850
What is the greatest common divisor of 1373481 and 49278?
573
What is the greatest common factor of 39648 and 20113926?
2478
Calculate the highest common divisor of 6812 and 1455148.
524
Calculate the greatest common divisor of 1614 and 71258638.
538
What is the greatest common factor of 81393575 and 106372?
3799
What is the greatest common factor of 32660312 and 16?
8
Calculate the greatest common divisor of 406362 and 528.
66
Calculate the greatest common factor of 34645921 and 59.
59
What is the greatest common divisor of 40894 and 13690727?
2921
Calculate the greatest common divisor of 494 and 82487626.
494
What is the greatest common divisor of 236614 and 1540?
14
What is the highest common factor of 17908 and 56377640?
1628
What is the highest common factor of 2664 and 297080622?
666
Calculate the highest common factor of 566 and 648155466.
566
What is the highest common divisor of 41460021 and 9?
9
What is the highest common divisor of 94 and 32877346?
94
What is the greatest common divisor of 771387 and 20491?
661
What is the highest common divisor of 18614526 and 18?
6
What is the highest common factor of 20 and 2348238620?
20
Calculate the greatest common divisor of 4 and 284956972.
4
Calculate the greatest common divisor of 5662240 and 3483.
43
Calculate the highest common divisor of 337590687 and 1527.
1527
What is the greatest common factor of 523 and 400644150?
523
What is the greatest common divisor of 13769 and 5324669?
1967
Calculate the greatest common factor of 173533308 and 922.
922
What is the greatest common factor of 66771310 and 740?
370
What is the greatest common factor of 8547017 and 507621?
4127
Calculate the highest common factor of 88078003 and 663.
221
What is the highest common divisor of 5670 and 161514?
162
Calculate the greatest common factor of 6076232 and 736.
184
What is the greatest common divisor of 33979 and 88649?
11
Calculate the highest common factor of 254815 and 594154.
1243
Calculate the highest common factor of 195349 and 6149.
473
Calculate the highest common factor of 143809 and 79081.
31
Calculate the highest common divisor of 752 and 243159388.
188
What is the highest common divisor of 421945209 and 63?
63
Calculate the highest common divisor of 108667 and 369258825.
8359
Calculate the greatest common divisor of 160128 and 131886.
18
What is the greatest common factor of 20975959 and 2537?
43
What is the greatest common divisor of 855 and 24404094?
171
Calculate the greatest common divisor of 1029920010 and 10.
10
Calculate the greatest common factor of 1844 and 383123731.
461
What is the greatest common factor of 32541287 and 2495?
499
Calculate the greatest common factor of 3815 and 11079845.
35
Calculate the highest common factor of 69423 and 17009.
73
Calculate the greatest common divisor of 1539111 and 7329.
21
What is the greatest common divisor of 775799982 and 437?
437
What is the greatest common factor of 381248 and 214304?
1184
Calculate the highest common divisor of 490484 and 340.
68
Calculate the greatest common factor of 89045 and 4455.
55
Calculate the greatest common divisor of 399 and 9014379.
57
Calculate the greatest common factor of 5992064 and 45428.
1108
What is the highest common divisor of 770 and 621740?
70
What is the greatest common divisor of 41972621 and 237?
79
Calculate the highest common factor of 19061 and 502201.
49
What is the highest common divisor of 104406127 and 14?
7
Calculate the highest common factor of 539929764 and 1254.
1254
Calculate the highest common divisor of 113441194 and 2038.
2038
Calculate the highest common divisor of 286760 and 102185.
535
What is the greatest common divisor of 111284 and 3096?
172
Calculate the highest common factor of 11039 and 160398.
133
What is the greatest common divisor of 118 and 2164769?
59
Calculate the highest common divisor of 44810 and 39550.
10
Calculate the highest common factor of 76 and 293950957.
19
Calculate the highest common divisor of 5810970 and 990.
330
What is the highest common divisor of 15 and 28555?
5
Calculate the greatest common factor of 474 and 3922666.
158
What is the highest common factor of 136041924 and 1168?
292
Calculate the greatest common divisor of 2188961 and 454.
227
Calculate the highest common divisor of 73505 and 5198370.
1205
What is the greatest common divisor of 3575610 and 9?
9
Calculate the greatest common divisor of 3045 and 24333175.
145
Calculate the highest common divisor of 69062 and 378.
14
Calculate the highest common factor of 17607990 and 435.
15
Calculate the highest common factor of 1440 and 446508.
36
What is the greatest common divisor of 1930979952 and 2992?
2992
Calculate the greatest common divisor of 9699270 and 994.
14
Calculate the highest common factor of 415 and 74320026.
83
Calculate the greatest common factor of 444 and 2439018318.
222
Calculate the highest common divisor of 15194804 and 949.
73
What is the highest co